 577?
False
Is 70 a factor of 5950?
True
Is 6790 a multiple of 14?
True
Does 18 divide 1107?
False
Is 16 a factor of 80?
True
Is 11511 a multiple of 9?
True
Is 10 a factor of 841?
False
Does 6 divide 2394?
True
Does 321 divide 84548?
False
Is 7059 a multiple of 181?
True
Is 44 a factor of 541?
False
Does 12 divide 4308?
True
Is 8580 a multiple of 12?
True
Does 14 divide 3489?
False
Is 9 a factor of 1367?
False
Does 17 divide 2116?
False
Does 20 divide 1057?
False
Is 5 a factor of 1109?
False
Is 36167 a multiple of 38?
False
Is 22 a multiple of 11?
True
Does 242 divide 23910?
False
Does 10 divide 19017?
False
Is 45600 a multiple of 228?
True
Is 11712 a multiple of 32?
True
Is 2486 a multiple of 7?
False
Does 4 divide 95?
False
Is 13 a factor of 11418?
False
Does 6 divide 521?
False
Is 5 a factor of 870?
True
Is 31 a factor of 6510?
True
Is 2850 a multiple of 17?
False
Does 123 divide 14514?
True
Is 5684 a multiple of 116?
True
Is 44 a factor of 714?
False
Is 25 a factor of 225?
True
Is 790 a multiple of 11?
False
Is 9 a factor of 89?
False
Does 116 divide 1972?
True
Does 8 divide 874?
False
Is 7 a factor of 1016?
False
Is 1630 a multiple of 124?
False
Is 9825 a multiple of 42?
False
Is 19 a factor of 1444?
True
Is 4943 a multiple of 78?
False
Is 3840 a multiple of 10?
True
Does 59 divide 590?
True
Does 56 divide 42392?
True
Is 39 a factor of 102141?
True
Does 36 divide 18272?
False
Is 963 a multiple of 9?
True
Is 3506 a multiple of 39?
False
Does 6 divide 11218?
False
Is 6614 a multiple of 106?
False
Does 6 divide 198?
True
Does 104 divide 4972?
False
Does 22 divide 49566?
True
Is 5037 a multiple of 122?
False
Does 73 divide 26875?
False
Is 105 a factor of 15024?
False
Is 108 a factor of 6234?
False
Does 2 divide 168?
True
Is 34 a factor of 68?
True
Is 9 a factor of 2349?
True
Is 6 a factor of 7763?
False
Is 413 a multiple of 16?
False
Does 28 divide 5544?
True
Is 481 a multiple of 13?
True
Is 1691 a multiple of 39?
False
Does 2 divide 307?
False
Is 13 a factor of 1372?
False
Is 122 even?
True
Is 6138 a multiple of 18?
True
Does 221 divide 99671?
True
Is 72345 a multiple of 18?
False
Is 4 a factor of 220?
True
Is 16 a factor of 48?
True
Does 4 divide 58?
False
Is 8 a factor of 76?
False
Is 4600 a multiple of 61?
False
Is 22 a factor of 1433?
False
Is 17 a factor of 10572?
False
Is 48 a factor of 5715?
False
Does 73 divide 1744?
False
Does 140 divide 20260?
False
Is 1749 a multiple of 33?
True
Is 5 a factor of 6955?
True
Is 2080 a multiple of 10?
True
Is 9 a factor of 61?
False
Does 27 divide 6190?
False
Is 131 a multiple of 2?
False
Is 71484 a multiple of 84?
True
Is 12 a factor of 400?
False
Does 2 divide 1679?
False
Is 2939 a multiple of 49?
False
Is 2980 a multiple of 8?
False
Is 7 a factor of 45?
False
Is 22 a factor of 110?
True
Is 4 a factor of 356?
True
Is 5 a factor of 238?
False
Is 14964 a multiple of 29?
True
Is 3 a factor of 169?
False
Is 3250 a multiple of 13?
True
Does 5 divide 720?
True
Is 13031 a multiple of 21?
False
Is 363 a multiple of 17?
False
Does 3 divide 1920?
True
Does 16 divide 28848?
True
Does 50 divide 54762?
False
Does 2 divide 3?
False
Does 13 divide 260?
True
Does 88 divide 94400?
False
Does 4 divide 42?
False
Does 10 divide 110?
True
Is 489 a multiple of 40?
False
Is 13 a factor of 1365?
True
Does 15 divide 705?
True
Does 13 divide 2011?
False
Is 1171 a multiple of 4?
False
Does 7 divide 245?
True
Is 37 a factor of 999?
True
Is 14 a factor of 980?
True
Is 13 a factor of 7187?
False
Is 138 a multiple of 23?
True
Is 13 a factor of 13949?
True
Is 8066 a multiple of 109?
True
Is 11 a factor of 11176?
True
Is 90 a multiple of 30?
True
Does 175 divide 5767?
False
Is 20 a factor of 160?
True
Is 11 a factor of 2497?
True
Does 13 divide 38454?
True
Does 4 divide 84?
True
Is 1209 a multiple of 15?
False
Is 6861 a multiple of 79?
False
Is 1553 a multiple of 57?
False
Does 47 divide 2021?
True
Is 591 a multiple of 44?
False
Does 15 divide 14400?
True
Is 9 a factor of 1032?
False
Does 55 divide 4932?
False
Is 108 a factor of 5400?
True
Is 948 a multiple of 15?
False
Is 15 a factor of 24645?
True
Is 116 a factor of 1832?
False
Does 16 divide 64?
True
Is 511 a multiple of 7?
True
Does 13 divide 7553?
True
Does 107 divide 8428?
False
Is 13 a factor of 7637?
False
Is 852 a multiple of 12?
True
Does 22 divide 242?
True
Does 15 divide 6427?
False
Is 48 a factor of 2880?
True
Is 286 a multiple of 19?
False
Does 27 divide 567?
True
Is 194 a factor of 42249?
False
Is 65 a factor of 27268?
False
Is 158 a factor of 10156?
False
Is 5529 a multiple of 156?
False
Is 91 a factor of 2002?
True
Is 636 a multiple of 19?
False
Is 4 a factor of 113?
False
Is 19 a factor of 935?
False
Is 4537 a multiple of 13?
True
Is 9 a factor of 144?
True
Is 27745 a multiple of 54?
False
Does 2 divide 646?
True
Is 12883 a multiple of 39?
False
Is 8 a factor of 13047?
False
Is 3368 a multiple of 2?
True
Is 612 a multiple of 3?
True
Does 31 divide 22134?
True
Does 34 divide 42942?
True
Is 33 a factor of 396?
True
Does 12 divide 19802?
False
Does 13 divide 287?
False
Does 4 divide 677?
False
Is 15 a factor of 12225?
True
Is 6756 a multiple of 12?
True
Is 1452 a multiple of 4?
True
Is 29960 a multiple of 7?
True
Is 43 a factor of 9890?
True
Is 8 a factor of 7944?
True
Does 11 divide 4307?
False
Does 159 divide 3167?
False
Is 241 a factor of 16664?
False
Is 10 a factor of 1200?
True
Is 17369 a multiple of 116?
False
Is 6 a factor of 204?
True
Is 180 a multiple of 4?
True
Does 9 divide 1218?
False
Is 109670 a multiple of 22?
True
Does 241 divide 12773?
True
Does 69 divide 14904?
True
Is 14 a factor of 1400?
True
Is 747 a multiple of 127?
False
Is 25 a factor of 1444?
False
Is 225 a multiple of 25?
True
Does 26 divide 104?
True
Is 14750 a multiple of 125?
True
Is 65 a factor of 1692?
False
Is 9 a factor of 405?
True
Does 16 divide 24121?
False
Is 149 a factor of 26075?
True
Is 14 a factor of 686?
True
Does 3 divide 11681?
False
Does 17 divide 27184?
False
Does 126 divide 6496?
False
Does 102 divide 816?
True
Is 126 a multiple of 51?
False
Is 26 a factor of 17163?
False
Is 75 a factor of 20025?
True
Is 90 a multiple of 3?
True
Does 12 divide 8217?
False
Is 18 a factor of 7854?
False
Is 9920 a multiple of 124?
True
Is 11233 a multiple of 25?
False
Is 36 a factor of 27792?
True
Is 192 a multiple of 3?
True
Does 69 divide 22855?
False
Is 52972 a multiple of 16?
False
Does 91 divide 819?
True
Does 20 divide 1996?
False
Does 62 divide 2976?
True
Is 76 a multiple of 7?
False
Is 11 a factor of 6512?
True
Is 61004 a multiple of 302?
True
Is 15186 a multiple of 21?
False
Is 14 a factor of 61175?
False
Is 28 a factor of 980?
True
Is 14 a factor of 7277?
False
Is 720 a multiple of 20?
True
Is 77 a factor of 10646?
False
Is 19 a factor of 1762?
False
Does 33 divide 4191?
True
Is 92196 a multiple of 117?
True
Is 11 a factor of 407?
True
Does 43 divide 5977?
True
Is 17 a factor of 2646?
False
Is 95 a multiple of 3?
False
Does 10 divide 28067?
False
Is 6 a factor of 216?
True
Is 2164 a multiple of 124?
False
Does 15 divide 18435?
True
Does 60 divide 20580?
True
Is 4833 a multiple of 24?
False
Is 624 a multiple of 26?
True
Does 13 divide 7813?
True
Does 6 divide 182?
False
Does 18 divide 23058?
True
Is 863 a multiple of 115?
False
Is 21 a factor of 588?
True
Is 1262 a multiple of 40?
False
Does 18 divide 23644?
False
Is 74 even?
True
Is 9810 a multiple of 45?
True
Is 923 a multiple of 17?
False
Is 1864 a multiple of 48?
False
Is 3180 a multiple of 51?
False
Does 14 divide 576?
False
Is 45 a factor of 49528?
False
Does 3 divide 960?
True
Is 23 a factor of 31073?
True
Is 10 a factor of 5679?
False
Is 450 a multiple of 5?
True
Is 2568 a multiple of 27?
False
Does 45 divide 26145?
True
Does 11 divide 2403?
False
Does 4 divide 8176?
True
Is 17 a factor of 2578?
False
Is 117 a factor of 9087?
False
Is 1280 a multiple of 32?
True
Is 4 a factor of 15070?
False
Does 22 divide 1702?
False
Is 25 a factor of 11300?
True
Is 552 a multiple of 4?
True
Does 17 divide 3748?
False
Is 41734 a multiple of 14?
True
Is 382 a multiple of 191?
True
Does 77 divide 2294?
False
Is 31 a factor of 4619?
True
Is 52 a factor of 2961?
False
Is 905 a multiple of 12?
False
Is 14 a factor of 6353?
False
Is 1836 a 